be 5/(15/(-18))*5/6. Give d(r).
17
Let w(g) = 3*g**3 - 21*g**2 + 10*g + 1. Let r(v) = -v**3 + 7*v**2 - 3*v. Let d(s) = -8*r(s) - 3*w(s). What is d(5)?
17
Let p = -19 + 24. Let s(o) = o**3 - 4*o**2 - 3*o - 3. Determine s(p).
7
Let g(x) = -x**3 + 6*x**2 + 6*x + 8. Let i be (-7)/((0 - 1)/1). Let f be g(i). Let o(p) = 5 + 0*p - p - 3. Determine o(f).
1
Suppose 13*o = 16*o + 15. Let s(h) be the first derivative of h**3/3 + 5*h**2/2 + 4*h + 1. Let j be s(o). Let v(t) = -t**3 + 3*t**2 + 4*t - 2. Give v(j).
-2
Let l(t) be the third derivative of 1/12*t**4 + 6*t**2 + 0 + 1/6*t**3 - 1/20*t**5 + 0*t. Give l(2).
-7
Let i(l) = -l**3 + 5*l**2 + 2*l - 4. Let k be 5/20 + (-142)/(-8). Suppose -3*s - k = -6*s. Suppose -1 = v + 3*n, 5*n - 15 = v - s*v. Give i(v).
6
Let q(o) = -3*o - 1. Suppose -3*z + 3 = -2*z. Suppose l + z = 2*l. Suppose h - 1 = -l. Calculate q(h).
5
Let q(n) = 2*n - 7. Let j be 6*(-1)/4*2. Let h be (j - -2)/1*-6. What is q(h)?
5
Let h(k) = -k**2 - 7*k + 3. Let o be h(-7). Let r(a) = 4 + o*a**2 + a**3 - 11 + a**2 - 6*a. Suppose 3*x - 4*d + 8 = -3, 0 = 3*x - 5*d + 10. Determine r(x).
-2
Suppose 4*f - f = 9. Let i(u) = u**3 - 5*u**2 + 4*u - 2. What is i(f)?
-8
Let q(h) be the third derivative of 2*h**5/15 - 2*h**2. Let b = -2 + 1. What is q(b)?
8
Suppose -4*s = -3 + 23, -4*z + s = -5. Let m(j) = z - 3 + 9*j - j. Calculate m(2).
13
Let c(x) = -2*x**2 - 2*x**3 - x**2 + 2*x + x**2. Let j be (-40)/(-22) - (-4)/22. Let d be 1*(-6 - -2) + j. Calculate c(d).
4
Let d(f) be the first derivative of -f**4/4 + 2*f**3 + f**2/2 - 2*f - 3. Let k be d(6). Let z(u) = u**2 - 7*u + 5. Give z(k).
-7
Let j(a) = -2*a - 5. Let h be j(-4). Let u(z) be the first derivative of 2*z**h - 1/4*z**4 + 3*z - 5/2*z**2 + 2. Give u(5).
3
Suppose -3*x - 4*r = -14 - 24, 2*x - 5*r = 10. Let w be 2/(-7) + x/35. Let n(h) = -h**2. What is n(w)?
0
Let g(v) = v**2 + v + 5. Let b(k) = -k**3 + 8*k**2 + 11*k - 13. Let j be b(9). Suppose 0 = j*m + m. Give g(m).
5
Suppose 2 = -4*u + 3*u + 3*j, -j - 3 = -4*u. Let d(b) = -2*b - 1 + 0 - 2*b**2 + 2. Give d(u).
-3
Let f(u) = u**3 - 5*u**2 + 4*u - 4. Let y be f(3). Let h(d) = -d**2 - 11*d - 4. Let x be h(y). Let n(g) = -g**2 + 8*g - 9. Give n(x).
3
Let z be (-1 - 0/(-3))*-5. Let y(w) = -w**2 + 6*w + 4. Determine y(z).
9
Let c(d) = d + 1. Let w = -9 + 15. Let i = 6 - w. What is c(i)?
1
Let d(a) be the third derivative of -1/8*a**4 + 8*a**2 + 0*a**3 + 0*a + 0. What is d(2)?
-6
Let g(r) be the third derivative of r**6/120 - r**5/20 - 5*r**4/24 + 2*r**3/3 - 4*r**2. Calculate g(4).
0
Let b(c) = -c**2 + 5*c + 4. Let n(a) = -a**2 - 7*a - 17. Let w be n(-8). Let g = w + 28. What is b(g)?
10
Let r(d) = -d**3 - 7*d**2 - d - 8. Let f be r(-7). Let o(q) be the first derivative of -3*q**2 - q - 6. Give o(f).
5
Let j = 10 - 8. Let m(k) = k**3 - 6*k**2 + 5*k. Let d be m(5). Let c(v) = -7 + d*v + v - j*v. What is c(-6)?
-1
Let f = -1 - -4. Let k = -4 + f. Let h(i) = i. Give h(k).
-1
Suppose -2*g - 5*y - 5 = 0, -5 + 0 = 5*y. Let x(o) = -7 + g*o + 18 - o. Let f = -11 + 17. Determine x(f).
5
Let i(o) = -2*o + 33. Let c be i(16). Let a(h) = -19*h + 1. Give a(c).
-18
Let d be (-4)/(3 + 1) - 2. Let z(v) = -v**3 - 3*v**2 + 3*v. What is z(d)?
-9
Let v(g) be the second derivative of -g**3/2 + g**2 - g. Let m be -4*((-1)/4 + (-5)/10). Give v(m).
-7
Let b(r) be the second derivative of r**6/60 - r**5/30 + r**4/24 - r**3/3 + 2*r**2 - 4*r. Let q(t) be the first derivative of b(t). Determine q(2).
8
Let m(w) = -w + 5. Let i be (-2)/(-4)*(-2 + 8). Give m(i).
2
Let c(x) = 7*x**3 - x**2 + 2*x - 1. Let u be c(1). Let j(a) = -a**2 + 7*a + 6. Calculate j(u).
6
Suppose -2*k - 8 = 12. Let v(w) = w**3 + 11*w**2 + 9*w - 5. Let n be v(k). Let m(s) = s - 10. Determine m(n).
-5
Let c(a) = 5*a**3 - a. Let q = 27 - 26. What is c(q)?
4
Let r(b) = -4 - 3*b + 5*b - b + 4*b**2 - 9*b**3 + 8*b**3. Give r(4).
0
Let g(d) be the first derivative of -d**3/3 - d**2/2 - 1. Suppose -4*a + f = -4*f - 23, 5*a + f - 7 = 0. Give g(a).
-6
Let p be (1 - 2)/(0 - 1). Let f be ((p - 1)/1)/(-2). Let c(m) = 4 + f*m - 1 - m. What is c(3)?
0
Let f(y) = 1 - y**2 - y + 9*y**3 - 5*y**3 + 0*y**2. Determine f(1).
3
Let r = 38 + -28. Let g(z) = z**2 - 10*z - 6. What is g(r)?
-6
Suppose 2*g - 2*n = -3*g - 8, 0 = -4*g - 5*n + 20. Let z(o) = o**3 - o**2 + o + 1. Determine z(g).
1
Let m(v) = -23*v**3 + v + 6. Let n(c) = 24*c**3 - c - 7. Let w(g) = -7*m(g) - 6*n(g). Calculate w(-1).
-16
Let h(i) be the first derivative of 4*i**3/3 + i**2 - 2*i + 28. Let x be -4 - -3 - (1 - 0). Determine h(x).
10
Let b = 6 - 5. Let d(v) = v + 1. Let a be d(3). Let p(g) = -a*g - 5*g**2 + 1 - g**3 + 0*g + b. Give p(-4).
2
Let h(b) be the third derivative of b**6/120 - b**5/6 + 5*b**4/12 - 7*b**3/6 + 7*b**2. Calculate h(9).
2
Suppose 0 = 4*t + 12, -6*b + 10 = -2*b - 2*t. Let q(f) = 3*f - 1 + b - 2. Determine q(2).
4
Let c(v) be the second derivative of v**5/20 - v**3/6 + 7*v**2/2 - 10*v. Determine c(0).
7
Let v(u) be the third derivative of u**2 - 1/8*u**4 + 2/3*u**3 + 0*u - 1/12*u**5 + 0 - 1/120*u**6. Let d(a) = -5*a**3 + 2*a - 1. Let c be d(1). What is v(c)?
0
Let m(x) = 2*x + 4. Let u(n) = -n. Let i be u(-1). Let o = i + 3. What is m(o)?
12
Let f(m) = m**2 + 2*m - 1. Suppose -3*j + 2*j = 0, -2*o - 4 = j. What is f(o)?
-1
Let y = -18 - -5. Let k = y + 16. Let a(z) = 4*z - 4. Calculate a(k).
8
Let o(i) = -i**2 + 4*i + 6. Let k(t) = 6*t**2 - t. Let z be k(1). Calculate o(z).
1
Let o be (20/(-16))/(-5) + (-70)/(-8). Let g(u) = -u**2 + 9*u + 3. What is g(o)?
3
Let g(d) = -5*d. Let y(j) = -3*j. Let h(t) = -3*g(t) + 6*y(t). Let n = 7 - 5. What is h(n)?
-6
Suppose 2*k - 12 = -2*k. Let d(j) = 3*j**3 - 4*j + 3. Let x(b) = 16*b**3 + b**2 - 21*b + 15. Let s(u) = -11*d(u) + 2*x(u). Give s(k).
-6
Let w(n) = 24*n**2 + 27*n**2 + 8 - 7*n - 52*n**2. What is w(-8)?
0
Let b(r) = -r - 1. Suppose -10 = -k - 16. Calculate b(k).
5
Let k be (-94)/(-18) - 4/18. Let y(h) = -h**3 + 5*h**2 - h - 2. Give y(k).
-7
Let z(o) = o**2 + 6*o - 2. Let f be (-5)/((-10)/(-58)) - -2. Let j be f/5 + 4/10. Calculate z(j).
-7
Let p = 10 - 14. Let i(h) = -h**2 - 2*h + 5. What is i(p)?
-3
Let q(v) be the second derivative of 3/2*v**2 + 2*v + 0 + 1/6*v**3. Calculate q(-4).
-1
Let o = 4 + -2. Suppose 0 = -4*f + 2*f + 6. Let y(w) = w**3 + 0*w**2 - w + 1 - 2*w**o - f + 3. Determine y(3).
7
Let d(k) = -6*k - 4 - k**2 + 1 + 0 - 1. Suppose -4*h = p + 17, -2*h - 3*p + 4 = -h. What is d(h)?
1
Let a(g) = 2*g**2 + 13*g - 3. Let c = -3 - -8. Let k(n) = n**2 + 7*n - 2. Let u(b) = c*k(b) - 3*a(b). Determine u(-4).
-1
Suppose -29 + 4 = 5*f, -2*s - 5*f = 19. Suppose 0 = -3*h - j - s + 6, -5*j - 15 = 0. Let d(y) = 2*y + 2. Give d(h).
6
Let c = 12 - 17. Let t(o) be the first derivative of o + 1/3*o**3 + 5/2*o**2 - 1. What is t(c)?
1
Let h(i) = 4*i - i + 0*i - 2*i. Calculate h(4).
4
Let k(f) be the first derivative of -9*f**5/20 + f**4/12 + f**3/6 - f**2/2 - f + 1. Let c(r) be the first derivative of k(r). Determine c(1).
-8
Let w(m) be the third derivative of -5/6*m**3 - 1/10*m**5 + 1/120*m**6 + 0*m + 0 + 5/24*m**4 + 4*m**2. Determine w(5).
-5
Let j(o) = o**2 + 3 - o - 3*o - 2*o**2 - 4*o. Let z be j(-8). Let d(p) = 4 + 3*p + z*p**2 + 0*p**3 + 2*p**3 - 2*p**3 + p**3. Determine d(-3).
-5
Suppose -6*o + 9 = -5*o. Let m(n) = -n**3 + 8*n**2 + 10*n - 11. What is m(o)?
-2
Let d be 1 + 0 + 0 + 3. Let b(t) = -t**3 + 3*t**2 + t + 3. Give b(d).
-9
Let v(a) be the second derivative of -a**5/20 - a**4/12 - a**3/6 + 5*a**2/2 + a. Let b = 11 - 11. Suppose -3*w + 0*w = b. Give v(w).
5
Let p(g) = -g**2 + 10*g. Let i be p(10). Let x = i - 2. Let w(v) = -4*v - 1. Determine w(x).
7
Let z(l) be the second derivative of -l**3/6 + 7*l**2/2 + 8*l. Suppose 5*g - 45 = -4*m, 2*m = g + 3*g - 10. Give z(g).
2
Suppose y = -3*y + 24. Let r(u) be the second derivative of 5/12*u**4 + 7/6*u**3 - 1/20*u**5 - u + 0 - 4*u**2. What is r(y)?
-2
Let l = -16 + 10. Let b(u) = -u**3 + u**2 + u. Let y(n) = -7*n**3 + n**2 + 11*n - 2. Let a(o) = -6*b(o) + y(o). What is a(l)?
4
Let r(c) = c + 5. Let o be r(-5). Suppose 4*x + 4 + 0 = o, 7 = -y - 2*x. Let p(v) = -v**2 - 5*v - 5. What is p(y)?
-5
Let x(p) = -9*p**2 - 5*p - 13. Let m(w) = 5*w**2 + 3*w + 7. Let r(q) = -q**2 - 4*q + 4. Let u be r(-4). Let b = 0 + u. Let t(j) = b*x(j) + 7*m(j). Give t(0).
-3